, -1280 = -0*n - 5*n + 3*k. What is the hundreds digit of n?
2
Suppose -s = k - 6389, -12*s - 5*k + 3520 = -73155. What is the units digit of s?
0
Let w = 773 + -515. What is the hundreds digit of w?
2
Suppose 62*x - 55*x = 8015. What is the units digit of x?
5
Suppose 0 = -5*f + 2343 - 308. What is the hundreds digit of f?
4
Let g = 12 - 20. Let u = 74 - 59. Let y = g + u. What is the units digit of y?
7
Suppose -3*x + 4895 = 4*m, -4*x + x + 4880 = m. What is the hundreds digit of x?
6
Suppose -3*a = 2*f - 0*f - 523, 2*a + 5*f - 345 = 0. Suppose 0 = -i - 15 + a. What is the units digit of i?
0
Let k = -9 - -11. Suppose 0*c + 3*c - 5*y = 8, 0 = 2*c + k*y. What is the tens digit of -3 + 4 + 25 + c?
2
Let k(d) = -d**3 - 4*d**2 + 131*d + 26. What is the hundreds digit of k(-14)?
1
Let c(l) be the first derivative of l**4/4 - 4*l**3/3 + 3*l - 5. Let b be c(4). Suppose 0 = b*q + q - 92. What is the tens digit of q?
2
Let b(x) = -x**3 - 6*x**2 + x + 2. Let u be b(-6). What is the units digit of (6/u)/((-4)/136)?
1
Let p(z) = -5 - 54*z**2 + 0 - 9*z + z**3 + 59*z**2. What is the units digit of p(-5)?
0
Let p be 11/(-22) - (-122)/(-4). Let q = -22 - p. Let w = q - -14. What is the units digit of w?
3
Suppose -p + 72 = 8*p. Suppose d + 539 = p*d. What is the units digit of d?
7
Suppose -4*f - 2*b + 94 = 0, -2*f - 14 + 59 = 3*b. Suppose 0*r = -3*r + f. What is the units digit of (-9)/(2 - 28/r)?
6
What is the units digit of (1/((-1)/4497))/(-3)?
9
Suppose -7*b = -24*b + 6154. What is the hundreds digit of b?
3
Suppose -6*d = -3*d - 45. Let p = d + -13. Let m(q) = 10*q + 1. What is the units digit of m(p)?
1
Let g be ((-28)/3 + 1)/((-7)/(-105)). Let l = 15 - g. What is the tens digit of l?
4
Let l be -2 - (-2 - (0 + -1)). Let s(j) = -78*j + 2. Let u be s(l). Suppose u = 4*w + w. What is the units digit of w?
6
What is the tens digit of 1554/(-12)*(175/49 - 7)?
4
Let g be -103 + (-4)/(12/(-9)). Let c = g - -194. Let t = c - 17. What is the units digit of t?
7
Let x(l) = 25*l + 6. Let d be x(2). Suppose -57 = -2*m + 9. Let r = d - m. What is the units digit of r?
3
What is the units digit of (-936)/64*-2*(23 + 1)?
2
Suppose 61*q - 2*q - 125434 = 0. What is the thousands digit of q?
2
Let f be 6/4 + (-6)/((-24)/(-262)). Let o = 126 + f. What is the tens digit of o?
6
Let g = -66 - -94. Suppose -52 = -z + 4*m + g, 3*m = 2*z - 180. Suppose -4*v + 4*c = -z + 28, -4*v - 4*c = -84. What is the units digit of v?
9
Let q be 5 - 0/(2*-2). Suppose 2*y - q*y = -9. Let n = y + 6. What is the units digit of n?
9
Let r(c) be the third derivative of -c**6/120 - 7*c**5/60 - c**4/6 + c**3/2 - 4*c**2. Let f be r(-6). What is the units digit of 2 - 1 - f/3?
4
Let l be 1/2*12 - 2. Suppose 0 = 3*i + 3, 4*r - 7 = -l*i - 23. Let o(v) = -22*v + 3. What is the tens digit of o(r)?
6
Let y = -29 + 15. Let k = -11 - y. What is the units digit of (-1 + 2)/(k/51)?
7
Let c(b) = -2*b**3 - 12*b**2 - 4*b - 21. Let n be c(-6). Let r = n - -96. What is the tens digit of r?
9
What is the units digit of 5 + (-706)/(2/(-2))?
1
Let r = 21 + -43. Let f = -28 - r. What is the units digit of (689/39)/((-2)/f)?
3
Suppose 4*k - 10 = 2*x + 2*k, k - 5 = 0. Suppose 11*w - 520 - 1526 = x. What is the units digit of w?
6
Let f = -24 + 31. Let q(x) = -x**2 - x + 1. Let i(w) = -6*w + 1. Let y(d) = i(d) - q(d). What is the tens digit of y(f)?
1
Suppose -4*v = -1 - 19, i - 4*v = 616. What is the units digit of i?
6
Let x(m) = 54*m - 2. Let c be (-1 - -2)*(-2)/(-2). What is the tens digit of x(c)?
5
Let s be (-404)/2*-1*1. Let y = 306 - s. What is the units digit of 5/(-15) + y/6?
7
Let a(n) = 63*n - 127. What is the units digit of a(12)?
9
Let p(u) = 14*u - 38*u - 15 + 21*u. Let s be p(-6). Suppose -s*g = g - 52. What is the tens digit of g?
1
Suppose 0 = 5*d + 364 + 246. Let h = d - -180. What is the tens digit of h?
5
What is the hundreds digit of 111 + (2 - 2/1)?
1
Let x(t) be the first derivative of t**2/2 - 3*t + 8. Let c be x(3). Suppose c = -2*d + 7*d - 205. What is the tens digit of d?
4
Suppose 6*d - 13776 = -15*d. What is the units digit of d?
6
Suppose 15*x - 24*x = -2718. What is the tens digit of x?
0
Suppose 5*h - 33 = 4*m, -h = 5*m - 5*h + 39. Let k(c) = -2*c - 14. Let q be k(m). Suppose q = 4*w - 8*w + 116. What is the tens digit of w?
2
Let s = -34 - -39. Suppose r + 2*k - 83 = 0, -s*k = 4*r - r - 245. What is the units digit of r?
5
Let n(h) = 6*h**3 - h**2 - 2*h + 1. Let r be n(2). Suppose 4*a + 0*a + 5*w = 31, -15 = -5*w. Suppose a*l - r = 11. What is the units digit of l?
3
Suppose 0 = -0*o + 2*o - 6. Suppose b - s = 14, -5*b - 2*s = o*s - 50. What is the units digit of (-356)/(-24) + 2/b?
5
Let q(v) = -20*v**2 + 1. Let i(c) = 81*c**2 + c - 5. Let u(s) = -2*i(s) - 9*q(s). Suppose -2 - 3 = -5*w. What is the units digit of u(w)?
7
Let x be 2 - -2 - (-4 + (-5 - -10)). Suppose -x*c + 2*o + 428 = o, -3*o + 146 = c. What is the hundreds digit of c?
1
Let p(w) = -w + 1. Let u(a) = -42*a + 49. Let b(d) = 35*p(d) - u(d). What is the tens digit of b(11)?
6
Let n = 418 + -268. Suppose -8*h + n = -3*h. What is the units digit of h?
0
Let o = -13 - -19. Suppose 3*n - 3 = o*n, -5*n - 62 = 3*v. Let f = v + 48. What is the units digit of f?
9
Let d = 228 + 190. What is the hundreds digit of d?
4
Let o(q) = -2*q**3 + 2*q + 9. Let j be o(0). Suppose -486 = 7*l - j*l. What is the hundreds digit of l?
2
Let x be 4/6 - 3/(-9). Let r = x + 120. What is the hundreds digit of r?
1
Let q(g) = -g**3 + 6*g**2 - 5*g + 5. Let d be q(5). Let k = -129 + 133. Suppose d*p - k*t - 5 - 39 = 0, t + 56 = 5*p. What is the tens digit of p?
1
Let z = -1 + 5. Suppose -k = -0*k + z*q - 22, 4*k - 2*q - 70 = 0. What is the tens digit of k?
1
Let y(c) = -c**2 - 14*c - 13. Let u be y(-13). What is the tens digit of (u + 174/4)*(-2)/(-1)?
8
Suppose 70*f = 75*f - 50. What is the units digit of f/25*(0 - -125)?
0
Let w = 240 + 444. What is the hundreds digit of w?
6
Suppose -2*v + 3*v + 2 = 0. Suppose 15 = 2*t - 5*t, 5*g = -t. What is the units digit of 7 + (v + g)/(-1)?
8
What is the hundreds digit of (-658)/1*12*(-4)/56?
5
Suppose -5*n + 15 + 540 = 0. Suppose t - n = -2*t + 3*g, 0 = 2*t - 4*g - 80. Suppose -f + y = f - t, -y = 5*f - 78. What is the units digit of f?
6
Let b = 597 + -107. What is the hundreds digit of b?
4
Suppose 3*u + 5199 = 5*i, -24*i + 26*i - 3*u - 2085 = 0. What is the hundreds digit of i?
0
What is the tens digit of (-288967)/(-189) + 10/135?
2
Let k(p) = 162*p - 338. What is the thousands digit of k(16)?
2
Let u = 27 - 25. Suppose 0*y = t + 5*y - 40, -2*t = u*y - 64. What is the tens digit of t?
3
Let d(n) = -n**2 + 42*n + 236. What is the hundreds digit of d(29)?
6
Suppose -27 = 5*d + 2*x, -5*d - 5 = -x + 34. Let z = d + 3. What is the tens digit of (22/z*-2)/1?
1
What is the tens digit of 1/3*21/(-28)*-104?
2
Let s(r) be the third derivative of 6*r**5/5 - r**4/8 - r**3/3 + 3*r**2. What is the units digit of s(-1)?
3
Let i be 3 + (-2 + -3)*-3. Suppose -l - l = 4*z + i, 0 = -l - z - 7. Let o = l - -18. What is the tens digit of o?
1
Let u(m) = -m + 7. Suppose -4*p = 2 - 14. Let b be u(p). Suppose b*x = x + 99. What is the units digit of x?
3
Suppose -2*v = -p + 8, 4*p + v - 25 - 16 = 0. Suppose 6*s = 7*s + 6. What is the tens digit of s/p + 196/10?
1
Suppose 0 = l + n + n - 7, -5*n = -3*l + 21. Let w be (-8)/6 - l/(-21). Let g = w + 12. What is the units digit of g?
1
Suppose -d + 71 = -2*d. Let k be ((-8)/24)/(1/381). Let z = d - k. What is the units digit of z?
6
Let z be 1/(-4) - (-333)/4. Suppose -15*d + 291 = -309. Let i = z - d. What is the units digit of i?
3
Let j(a) = 102*a - 8. What is the thousands digit of j(13)?
1
Let f(x) = x**3 + 12*x**2 - 12*x + 16. Let r be f(-13). Suppose r*c - 5*o - 38 - 85 = 0, 4*o - 12 = 0. What is the tens digit of c?
4
Let y(s) = -s**3 - 46 + 18 - 4*s - 13*s**2 + 22. What is the tens digit of y(-13)?
4
Let k be 1 + 7/((-28)/(-12)). What is the tens digit of 1 + 4/k*151?
5
What is the tens digit of (-12 + -936 + 1)*(-15)/3?
3
Let n = 17 - 17. Let f(d) = d**2 - 6*d**2 + n*d**2 - 9 + 4*d**2 - 17*d. What is the tens digit of f(-13)?
4
Let f = 38 + 1612. What is the thousands digit of f?
1
Suppose -121 = 3*i + 59. Let t be i/45*6/4. Let f(r) = -9*r + 4. What is the units di